{"id":126,"date":"2018-06-27T19:09:43","date_gmt":"2018-06-27T19:09:43","guid":{"rendered":"https:\/\/iana.com.uy\/cfatest\/\/?page_id=126"},"modified":"2024-05-17T22:44:46","modified_gmt":"2024-05-17T22:44:46","slug":"cfa-difference-2","status":"publish","type":"page","link":"https:\/\/iana.com.uy\/cfatest\/cfa-difference-2\/","title":{"rendered":"CFA Difference"},"content":{"rendered":"<div class=\"gb-container gb-container-664f88e0\">\n<div class=\"gb-container gb-container-1d531832\">\n<div class=\"gb-grid-wrapper gb-grid-wrapper-76a46810 justify-content-between\">\n<div class=\"gb-grid-column gb-grid-column-04590cdd\"><div class=\"gb-container gb-container-04590cdd\">\n\n<h2 class=\"gb-headline gb-headline-9c9f0d55 gb-headline-text\">CFA. Tres simples letras que significan mucho m\u00e1s que las palabras detr\u00e1s de ellas.<\/h2>\n\n\n\n<p>Preg\u00fantele a cualquiera de los 167,000 CFA charterholders de todo el mundo que han obtenido la designaci\u00f3n de Chartered Financial Analyst y con orgullo le dir\u00e1n por qu\u00e9 colocan esas letras al final de sus nombres. Le dir\u00e1n que es el programa de certificaci\u00f3n m\u00e1s riguroso para los gestores de inversiones.<\/p>\n\n\n\n<p>\u2022 Que les dio una comprensi\u00f3n integral y probada en la gesti\u00f3n de inversiones.<br>\u2022 Que exige pautas \u00e9ticas estrictas cuando se trata con inversores, siempre poniendo los intereses de sus clientes primero.<br>\u2022 Que los empleadores se sientan seguros por tener a un profesional que entiende las necesidades de sus clientes.<br>\u2022 Que los mercados conf\u00eden en la experiencia de estos profesionales para colaborar en las pol\u00edticas y regulaciones en econom\u00edas emergentes.<\/p>\n\n\n\n<p>Pero lo que nuestros charterholder hablar\u00e1n con m\u00e1s entusiasmo es cu\u00e1n completos se sienten como profesionales de la gesti\u00f3n de inversiones. Qu\u00e9 tan bien equipados est\u00e1n para navegar las incertidumbres del mundo financiero. Y cu\u00e1n comprometidos est\u00e1n con elevar los est\u00e1ndares de la industria de administraci\u00f3n de inversiones. Porque, para ellos, esas tres letras marcan la diferencia\u2026<\/p>\n\n<\/div><\/div>\n\n<div class=\"gb-grid-column gb-grid-column-ca6067fe\"><div class=\"gb-container gb-container-ca6067fe\">\n\n<figure class=\"wp-block-image alignright size-full\"><img loading=\"lazy\" decoding=\"async\" width=\"614\" height=\"609\" src=\"https:\/\/iana.com.uy\/cfatest\/wp-content\/uploads\/2024\/05\/circle-cfa.png\" alt=\"\" class=\"wp-image-2052\" srcset=\"https:\/\/iana.com.uy\/cfatest\/wp-content\/uploads\/2024\/05\/circle-cfa.png 614w, https:\/\/iana.com.uy\/cfatest\/wp-content\/uploads\/2024\/05\/circle-cfa-150x150.png 150w, https:\/\/iana.com.uy\/cfatest\/wp-content\/uploads\/2024\/05\/circle-cfa-151x150.png 151w\" sizes=\"(max-width: 614px) 100vw, 614px\" \/><\/figure>\n\n<\/div><\/div>\n<\/div>\n<\/div>\n<\/div>","protected":false},"excerpt":{"rendered":"","protected":false},"author":1,"featured_media":0,"parent":0,"menu_order":0,"comment_status":"closed","ping_status":"closed","template":"page-difference.php","meta":{"_acf_changed":false,"footnotes":""},"acf":[],"yoast_head":"<!-- This site is optimized with the Yoast SEO plugin v22.4 - https:\/\/yoast.com\/wordpress\/plugins\/seo\/ -->\n<title>CFA Difference - CFA Society Uruguay<\/title>\n<meta name=\"robots\" content=\"index, follow, max-snippet:-1, max-image-preview:large, max-video-preview:-1\" \/>\n<link rel=\"canonical\" href=\"https:\/\/iana.com.uy\/cfatest\/cfa-difference-2\/\" \/>\n<meta property=\"og:locale\" content=\"es_ES\" \/>\n<meta property=\"og:type\" content=\"article\" \/>\n<meta property=\"og:title\" content=\"CFA Difference - CFA Society Uruguay\" \/>\n<meta property=\"og:url\" content=\"https:\/\/iana.com.uy\/cfatest\/cfa-difference-2\/\" \/>\n<meta property=\"og:site_name\" content=\"CFA Society Uruguay\" \/>\n<meta property=\"article:publisher\" content=\"https:\/\/www.facebook.com\/cfasocietyuruguay\" \/>\n<meta property=\"article:modified_time\" content=\"2024-05-17T22:44:46+00:00\" \/>\n<meta property=\"og:image\" content=\"https:\/\/iana.com.uy\/cfatest\/wp-content\/uploads\/2024\/05\/circle-cfa.png\" \/>\n<meta name=\"twitter:card\" content=\"summary_large_image\" \/>\n<meta name=\"twitter:site\" content=\"@CFA_URU\" \/>\n<meta name=\"twitter:label1\" content=\"Tiempo de lectura\" \/>\n\t<meta name=\"twitter:data1\" content=\"2 minutos\" \/>\n<script type=\"application\/ld+json\" class=\"yoast-schema-graph\">{\"@context\":\"https:\/\/schema.org\",\"@graph\":[{\"@type\":\"WebPage\",\"@id\":\"https:\/\/iana.com.uy\/cfatest\/cfa-difference-2\/\",\"url\":\"https:\/\/iana.com.uy\/cfatest\/cfa-difference-2\/\",\"name\":\"CFA Difference - CFA Society Uruguay\",\"isPartOf\":{\"@id\":\"https:\/\/iana.com.uy\/cfatest\/#website\"},\"primaryImageOfPage\":{\"@id\":\"https:\/\/iana.com.uy\/cfatest\/cfa-difference-2\/#primaryimage\"},\"image\":{\"@id\":\"https:\/\/iana.com.uy\/cfatest\/cfa-difference-2\/#primaryimage\"},\"thumbnailUrl\":\"https:\/\/iana.com.uy\/cfatest\/wp-content\/uploads\/2024\/05\/circle-cfa.png\",\"datePublished\":\"2018-06-27T19:09:43+00:00\",\"dateModified\":\"2024-05-17T22:44:46+00:00\",\"breadcrumb\":{\"@id\":\"https:\/\/iana.com.uy\/cfatest\/cfa-difference-2\/#breadcrumb\"},\"inLanguage\":\"es\",\"potentialAction\":[{\"@type\":\"ReadAction\",\"target\":[\"https:\/\/iana.com.uy\/cfatest\/cfa-difference-2\/\"]}]},{\"@type\":\"ImageObject\",\"inLanguage\":\"es\",\"@id\":\"https:\/\/iana.com.uy\/cfatest\/cfa-difference-2\/#primaryimage\",\"url\":\"https:\/\/iana.com.uy\/cfatest\/wp-content\/uploads\/2024\/05\/circle-cfa.png\",\"contentUrl\":\"https:\/\/iana.com.uy\/cfatest\/wp-content\/uploads\/2024\/05\/circle-cfa.png\",\"width\":614,\"height\":609},{\"@type\":\"BreadcrumbList\",\"@id\":\"https:\/\/iana.com.uy\/cfatest\/cfa-difference-2\/#breadcrumb\",\"itemListElement\":[{\"@type\":\"ListItem\",\"position\":1,\"name\":\"Portada\",\"item\":\"https:\/\/iana.com.uy\/cfatest\/es\/\"},{\"@type\":\"ListItem\",\"position\":2,\"name\":\"CFA Difference\"}]},{\"@type\":\"WebSite\",\"@id\":\"https:\/\/iana.com.uy\/cfatest\/#website\",\"url\":\"https:\/\/iana.com.uy\/cfatest\/\",\"name\":\"CFA Society Uruguay\",\"description\":\"CFA Society Uruguay\",\"publisher\":{\"@id\":\"https:\/\/iana.com.uy\/cfatest\/#organization\"},\"potentialAction\":[{\"@type\":\"SearchAction\",\"target\":{\"@type\":\"EntryPoint\",\"urlTemplate\":\"https:\/\/iana.com.uy\/cfatest\/?s={search_term_string}\"},\"query-input\":\"required name=search_term_string\"}],\"inLanguage\":\"es\"},{\"@type\":\"Organization\",\"@id\":\"https:\/\/iana.com.uy\/cfatest\/#organization\",\"name\":\"CFA Society\",\"url\":\"https:\/\/iana.com.uy\/cfatest\/\",\"logo\":{\"@type\":\"ImageObject\",\"inLanguage\":\"es\",\"@id\":\"https:\/\/iana.com.uy\/cfatest\/#\/schema\/logo\/image\/\",\"url\":\"http:\/\/localhost\/cfa\/wp-content\/uploads\/2019\/07\/logo.png\",\"contentUrl\":\"http:\/\/localhost\/cfa\/wp-content\/uploads\/2019\/07\/logo.png\",\"width\":500,\"height\":146,\"caption\":\"CFA Society\"},\"image\":{\"@id\":\"https:\/\/iana.com.uy\/cfatest\/#\/schema\/logo\/image\/\"},\"sameAs\":[\"https:\/\/www.facebook.com\/cfasocietyuruguay\",\"https:\/\/twitter.com\/CFA_URU\",\"https:\/\/www.instagram.com\/cfasocietyuruguay\/\",\"https:\/\/www.linkedin.com\/company\/cfa-society-uruguay\/\",\"https:\/\/www.youtube.com\/channel\/UCOCPlWClIZ4w1C5f_hhmIgg\"]}]}<\/script>\n<!-- \/ Yoast SEO plugin. -->","yoast_head_json":{"title":"CFA Difference - CFA Society Uruguay","robots":{"index":"index","follow":"follow","max-snippet":"max-snippet:-1","max-image-preview":"max-image-preview:large","max-video-preview":"max-video-preview:-1"},"canonical":"https:\/\/iana.com.uy\/cfatest\/cfa-difference-2\/","og_locale":"es_ES","og_type":"article","og_title":"CFA Difference - CFA Society Uruguay","og_url":"https:\/\/iana.com.uy\/cfatest\/cfa-difference-2\/","og_site_name":"CFA Society Uruguay","article_publisher":"https:\/\/www.facebook.com\/cfasocietyuruguay","article_modified_time":"2024-05-17T22:44:46+00:00","og_image":[{"url":"https:\/\/iana.com.uy\/cfatest\/wp-content\/uploads\/2024\/05\/circle-cfa.png"}],"twitter_card":"summary_large_image","twitter_site":"@CFA_URU","twitter_misc":{"Tiempo de lectura":"2 minutos"},"schema":{"@context":"https:\/\/schema.org","@graph":[{"@type":"WebPage","@id":"https:\/\/iana.com.uy\/cfatest\/cfa-difference-2\/","url":"https:\/\/iana.com.uy\/cfatest\/cfa-difference-2\/","name":"CFA Difference - CFA Society Uruguay","isPartOf":{"@id":"https:\/\/iana.com.uy\/cfatest\/#website"},"primaryImageOfPage":{"@id":"https:\/\/iana.com.uy\/cfatest\/cfa-difference-2\/#primaryimage"},"image":{"@id":"https:\/\/iana.com.uy\/cfatest\/cfa-difference-2\/#primaryimage"},"thumbnailUrl":"https:\/\/iana.com.uy\/cfatest\/wp-content\/uploads\/2024\/05\/circle-cfa.png","datePublished":"2018-06-27T19:09:43+00:00","dateModified":"2024-05-17T22:44:46+00:00","breadcrumb":{"@id":"https:\/\/iana.com.uy\/cfatest\/cfa-difference-2\/#breadcrumb"},"inLanguage":"es","potentialAction":[{"@type":"ReadAction","target":["https:\/\/iana.com.uy\/cfatest\/cfa-difference-2\/"]}]},{"@type":"ImageObject","inLanguage":"es","@id":"https:\/\/iana.com.uy\/cfatest\/cfa-difference-2\/#primaryimage","url":"https:\/\/iana.com.uy\/cfatest\/wp-content\/uploads\/2024\/05\/circle-cfa.png","contentUrl":"https:\/\/iana.com.uy\/cfatest\/wp-content\/uploads\/2024\/05\/circle-cfa.png","width":614,"height":609},{"@type":"BreadcrumbList","@id":"https:\/\/iana.com.uy\/cfatest\/cfa-difference-2\/#breadcrumb","itemListElement":[{"@type":"ListItem","position":1,"name":"Portada","item":"https:\/\/iana.com.uy\/cfatest\/es\/"},{"@type":"ListItem","position":2,"name":"CFA Difference"}]},{"@type":"WebSite","@id":"https:\/\/iana.com.uy\/cfatest\/#website","url":"https:\/\/iana.com.uy\/cfatest\/","name":"CFA Society Uruguay","description":"CFA Society Uruguay","publisher":{"@id":"https:\/\/iana.com.uy\/cfatest\/#organization"},"potentialAction":[{"@type":"SearchAction","target":{"@type":"EntryPoint","urlTemplate":"https:\/\/iana.com.uy\/cfatest\/?s={search_term_string}"},"query-input":"required name=search_term_string"}],"inLanguage":"es"},{"@type":"Organization","@id":"https:\/\/iana.com.uy\/cfatest\/#organization","name":"CFA Society","url":"https:\/\/iana.com.uy\/cfatest\/","logo":{"@type":"ImageObject","inLanguage":"es","@id":"https:\/\/iana.com.uy\/cfatest\/#\/schema\/logo\/image\/","url":"http:\/\/localhost\/cfa\/wp-content\/uploads\/2019\/07\/logo.png","contentUrl":"http:\/\/localhost\/cfa\/wp-content\/uploads\/2019\/07\/logo.png","width":500,"height":146,"caption":"CFA Society"},"image":{"@id":"https:\/\/iana.com.uy\/cfatest\/#\/schema\/logo\/image\/"},"sameAs":["https:\/\/www.facebook.com\/cfasocietyuruguay","https:\/\/twitter.com\/CFA_URU","https:\/\/www.instagram.com\/cfasocietyuruguay\/","https:\/\/www.linkedin.com\/company\/cfa-society-uruguay\/","https:\/\/www.youtube.com\/channel\/UCOCPlWClIZ4w1C5f_hhmIgg"]}]}},"_links":{"self":[{"href":"https:\/\/iana.com.uy\/cfatest\/wp-json\/wp\/v2\/pages\/126"}],"collection":[{"href":"https:\/\/iana.com.uy\/cfatest\/wp-json\/wp\/v2\/pages"}],"about":[{"href":"https:\/\/iana.com.uy\/cfatest\/wp-json\/wp\/v2\/types\/page"}],"author":[{"embeddable":true,"href":"https:\/\/iana.com.uy\/cfatest\/wp-json\/wp\/v2\/users\/1"}],"replies":[{"embeddable":true,"href":"https:\/\/iana.com.uy\/cfatest\/wp-json\/wp\/v2\/comments?post=126"}],"version-history":[{"count":8,"href":"https:\/\/iana.com.uy\/cfatest\/wp-json\/wp\/v2\/pages\/126\/revisions"}],"predecessor-version":[{"id":2125,"href":"https:\/\/iana.com.uy\/cfatest\/wp-json\/wp\/v2\/pages\/126\/revisions\/2125"}],"wp:attachment":[{"href":"https:\/\/iana.com.uy\/cfatest\/wp-json\/wp\/v2\/media?parent=126"}],"curies":[{"name":"wp","href":"https:\/\/api.w.org\/{rel}","templated":true}]}}